957 and x.
33
Let a(b) = b**2 - 82*b - 46. Let t be a(-21). Calculate the greatest common factor of 73 and t.
73
Let r be -7 - (-1335 + -2 - (0 - -3)). What is the highest common factor of 31 and r?
31
Suppose 0 = -3*n + v + 1404, -n - 18*v = -20*v - 468. What is the greatest common divisor of n and 117?
117
Let w(h) = 4*h**2 + 7*h**2 - 9*h**2 - 1 + 44*h**3. Let i be w(1). Let u(k) = -k**2 - 9*k - 3. Let g be u(-6). Calculate the highest common factor of g and i.
15
Let b(j) = j**2 - 9*j + 2. Let d be (5 + -8)/(3/(-9)). Let o be b(d). Suppose 4*i - o*i - l = 39, -i + l = -19. What is the greatest common factor of 10 and i?
10
Suppose 25 = 5*f, -f = 4*g - 3*f - 5654. What is the greatest common factor of 59 and g?
59
Let z(h) = -h**2 - 6*h + 22. Let a be z(-8). Suppose -25 = -2*t - l, -a + 1 = t + 4*l. Calculate the highest common divisor of 15 and t.
15
Let u be (24/(-9))/(-4)*6. Suppose 83 - 19 = -u*o. Let l be (-60)/(-16) - 4/o. Calculate the highest common factor of 4 and l.
4
Let i(l) = -2*l**2 - 35*l - 11. Let b be i(-7). What is the highest common divisor of 153 and b?
17
Let b = 259 + -195. Let y be 4/3 - (-2)/3. Suppose 3*u = -y*h + 16, 5*u + 3*h - 2*h = 36. Calculate the greatest common divisor of u and b.
8
Let p(q) = q**2 - 13*q - 20. Let f be (26/6 + 7)/((-4)/(-6)). Let u be p(f). What is the highest common divisor of 12 and u?
12
Let t be 3/(94/44 + -2). Let z be t/(-2)*(-2 - 16). Let x be 2/(-9) - 5904/(-324). Calculate the greatest common divisor of x and z.
18
Suppose 0 = 3*m - 4*m + z + 14, -z = 5*m - 64. Let s be (-2)/(-11) - (-158)/(-22). Let l = m + s. Calculate the greatest common factor of l and 54.
6
Let f be (10/(-4) - -2) + (-117)/(-78). Suppose -18 = -5*p + 27. Calculate the highest common divisor of p and f.
1
Let p(z) = -z**2 + 19*z - 14. Let m be p(8). Let t = -55 + 92. Calculate the greatest common factor of t and m.
37
Suppose 5*k = -5*y + 410, 2*y = 3*y + 5*k - 62. What is the greatest common divisor of 58 and y?
29
Let n = -185 + 188. Calculate the greatest common divisor of n and 27.
3
Let b(p) = p**3 + 7*p**2 + p + 10. Let i(v) = -v**2 - 10*v - 7. Let y be i(-10). Let r be b(y). Let l = 735 - 711. What is the highest common factor of r and l?
3
Let z = 45 + -24. Let x = -17 + 51. Let p = x - z. Calculate the greatest common factor of 26 and p.
13
Let f(x) = x**3 - 13*x**2 + 11*x + 28. Let m be f(12). Let y be -2 + 1/(-2)*2. Let c be 6664/m - y/2. Calculate the greatest common factor of 38 and c.
38
Suppose -2*v - 16 = -5*g - 3*v, 5*g - 3*v = 12. Suppose 180 = 4*x + 4*w, 2*x - g*x - 3*w + 51 = 0. What is the greatest common divisor of 105 and x?
21
Suppose 27*c + 49504 = 41*c. Calculate the highest common divisor of 26 and c.
26
Let a be 23 - 13 - (-4 + 1 + 1). What is the greatest common factor of 27 and a?
3
Suppose -3*k - 60 = -3*j, j + 3*k - 3 - 5 = 0. What is the highest common divisor of 187 and j?
17
Let i = 11 - -1. Let t be (12/(504/154))/(5/90). Calculate the highest common factor of i and t.
6
Let l = -29 - -32. Suppose 0 = 2*t + 5*k - 6, l*t + 7*k = 2*k + 14. What is the greatest common divisor of t and 8?
8
Let y(n) = n**2 - n + 2. Suppose 27 - 3 = 8*b. Let w be y(b). What is the greatest common divisor of 64 and w?
8
Let i = 20 - 15. Let d be 2/i - 159/(-15). Suppose -3*h = -50 + 17. Calculate the greatest common divisor of d and h.
11
Let k(f) = f + 25. Let t be k(0). Suppose 3*b + 10*b - 53 = 207. What is the highest common factor of t and b?
5
Let s(l) = l**3 - 14*l**2 + 5*l - 10. Let g be s(14). What is the greatest common divisor of 8 and g?
4
Let k be (3 + -10 - -4) + 47. What is the highest common divisor of 66 and k?
22
Suppose 5*f - 8*f = -6. Let i be f + -1 + (39 - -1). Suppose -o - 3*g = -27, 2*o - 4*g = 13 + i. What is the greatest common factor of 9 and o?
9
Suppose 0*b - 9 = -b. Suppose -3*s - 4*u = b, -5*s + 4*u - 5 = 10. Let g be ((0 - 4) + 0)*s. What is the highest common factor of 12 and g?
12
Let p(f) = -f + 4. Let u be p(0). Let k = -76 - -83. Let x(l) = -5*l + 39. Let d be x(k). Calculate the greatest common factor of u and d.
4
Let c = 17 + -15. Suppose 16 + 7 = -5*j + 2*i, 0 = -c*j + 2*i - 8. Let o = j + 19. Calculate the greatest common divisor of o and 112.
14
Let p be (-2)/4*8/(-2). Let c be p/(14/(-3) - -4). Let f = 87 + c. Calculate the greatest common divisor of f and 56.
28
Let j = -1215 - -1298. Calculate the highest common divisor of 2241 and j.
83
Let p be (-1012)/(-12) - (-2 - (-7)/3). What is the highest common divisor of p and 84?
84
Let v = -468 - -502. What is the highest common factor of 34 and v?
34
Let g(r) = -r + 23. Let u be g(7). Let t = u - 42. Let a = 33 + t. What is the greatest common factor of 21 and a?
7
Let f = 7 + 6. Suppose f*x = -822 + 2967. What is the highest common divisor of x and 15?
15
Let y(h) = -126*h - 9. Let k be y(-1). Calculate the highest common divisor of 312 and k.
39
Suppose 0 = 13*u - 7*u - 84. Suppose w + u - 20 = 0. Calculate the highest common factor of w and 60.
6
Let c = 16 - 28. Let k = c - -8. Let f be 1*(90 + -1) + k. Calculate the highest common factor of f and 34.
17
Let q = -800 - -986. Let n(v) = v**3 + v**2 + v + 31. Let d be n(0). What is the greatest common divisor of q and d?
31
Suppose -h = 3*h + 4, 48 = -4*z + 4*h. Let n = 0 - z. Calculate the highest common divisor of n and 91.
13
Let b(g) = 32*g**3 + g**2 - g. Let m be b(1). Suppose 0*l + 16 = -4*l, -2*f - 4*l + m = 0. Let n = 17 + -9. What is the highest common divisor of n and f?
8
Suppose -9*c - 6930 = -24*c. What is the highest common factor of c and 11?
11
Let r be 12/12 + (-4)/(-1). Suppose -288 = -r*k - k. Suppose -5*f + 12 = -k. Calculate the greatest common divisor of 60 and f.
12
Suppose 3*i + 9 = -0*r + 2*r, -i = -2*r + 7. Suppose 3*o - b = 263 + 46, -2*b = r*o - 300. What is the highest common divisor of 255 and o?
51
Let d(p) = -p**2 + 5*p + 12. Let w be d(7). Let z be 26 - -4*(1 + w). Calculate the greatest common divisor of z and 198.
22
Suppose -94*m = -92*m - 130. What is the highest common divisor of 13 and m?
13
Let l = -357 - -502. Calculate the highest common divisor of 58 and l.
29
Let j = -270 + 410. Suppose -j = -n + 40. Suppose 5*p - 4*c = 120, -p + 45 = -0*p - 5*c. What is the greatest common divisor of n and p?
20
Let x = -7 - -7. Let q = 2 - x. Suppose -o + 84 = q*o. What is the greatest common divisor of o and 4?
4
Let l = -123 + 123. Suppose l = 4*v - 4*n - 20, 0*v + 5*n - 65 = -5*v. What is the highest common divisor of 9 and v?
9
Suppose 3 = b - 5. Let h = -9789 + 9801. What is the greatest common divisor of h and b?
4
Suppose -2*d - 3*c = -125, -2*d = c + 3*c - 128. Let l = d + -46. What is the highest common factor of 16 and l?
4
Let o be (-6)/(-4)*((-24)/(-9) + -6). Let z be (28/o)/((-18)/45). Calculate the highest common divisor of 21 and z.
7
Let o be 3 + (-6 - 11)*-1. What is the greatest common divisor of 220 and o?
20
Suppose -11*g = -15*g + 16. Suppose f = g*f + 2*n - 212, n - 70 = -f. Calculate the greatest common factor of f and 8.
8
Let q = 29 + -14. Suppose -5*v = -0 + q. Let k be ((-9)/v)/(12/400). What is the highest common factor of 10 and k?
10
Suppose 4*b - 2*b = 4*k + 30, -2*b + 5*k + 27 = 0. Calculate the greatest common factor of b and 105.
21
Suppose 0 = -4*y + 2*t + 50, 0 = -2*y + 2*t - 7*t + 19. Suppose 23*u = 26*u - y. Calculate the highest common divisor of 32 and u.
4
Let l(b) be the first derivative of 3 + b**2 - 1/4*b**4 + 2*b**3 - 3*b. Let a be l(6). What is the highest common factor of 9 and a?
9
Let y = -1036 - -1180. Calculate the greatest common divisor of 112 and y.
16
Let f(c) = c**3 - 5*c**2 + 3*c - 9. Let a be (-2)/4*0 - -5. Let z be f(a). Calculate the greatest common factor of z and 12.
6
Let z be 6/(-4)*3*-6. Suppose -4*m + 283 = -365. Suppose 16*g - m = 10*g. Calculate the highest common divisor of g and z.
27
Let d be (12/(-2))/((-2)/(-55)). Let t = d + 461. What is the highest common divisor of t and 37?
37
Suppose 18*w = 23*w + 380. Let u = w + 156. Calculate the highest common factor of 10 and u.
10
Let m(z) = 7*z**3 - z**2 - 2*z - 3. Let u be m(2). What is the highest common factor of u and 150?
15
Let c(v) = -35*v + 1009. Let y be c(28). What is the greatest common factor o